*a**2 + a - 13. Let n = 32 - 32. Suppose -3*t + 5*r - 40 = n, 0 = -t + 5*r - 30 - 0. Is h(t) a composite number?
True
Let p be (-1859287)/155 + (-6)/10. Is 7/(-112)*4*(p - 0) prime?
True
Let x(w) be the third derivative of -w**4/24 + 11*w**3/6 - 14*w**2. Let z be x(6). Suppose -z*r + 891 = 2*m - 0*m, 0 = -3*r - m + 534. Is r prime?
False
Let c = 30 + 15. Let j = c + 365. Let h = 497 + j. Is h a prime number?
True
Suppose -2*o - 14 = -2*z, 10 = 4*z + 3*o - 4. Suppose 4*p - 20 = 9*p, -z*k + 23935 = 5*p. Is k composite?
True
Suppose 24*b - 9556031 - 8119225 = 0. Is b a prime number?
True
Let u(f) = -4384*f**3 - f**2 + 28*f + 53. Is u(-2) a prime number?
False
Let w = -18855 - -54826. Is w composite?
True
Suppose 5*g + 49*a - 50*a - 380934 = 0, g + 5*a - 76192 = 0. Is g a prime number?
False
Suppose -2*d = 24*d - 234. Is 460/138*d/(-5) + 28843 composite?
False
Suppose -o + 20637 = 2*j, 8*o - j = 3*o + 103130. Is o a composite number?
False
Let v be (-3)/((-2)/(26/(-3))). Let b be (-117)/v*2/(-6). Is (407/(-2))/(b/6) prime?
False
Let u = 185 - 187. Let v(p) = -718*p + 1. Is v(u) composite?
True
Suppose 65*b = 13089854 + 67184530 - 15960719. Is b a composite number?
False
Let m = -238 + 232. Is (-71210)/(-5)*((-27)/m - 4) prime?
True
Suppose -2*j + 0 = 3*r + 14, -3*r + j - 29 = 0. Let k(d) = -435*d - 49. Is k(r) a prime number?
False
Let g(v) = 39202*v**3 - v**2 + 26*v - 24. Is g(1) prime?
False
Suppose -7*t = -12*t + 5445. Is (2 - t)/((-4)/12) a composite number?
True
Let t(k) = 319*k**3 - 18*k**2 - 26*k + 135. Is t(8) prime?
False
Let v(q) = q - 1. Let f(h) = -787*h + 1574. Let y(l) = -f(l) - 1574*v(l). Suppose 0 = 113*a - 88 + 201. Is y(a) composite?
False
Let l = -25271 + 76122. Is l prime?
False
Let d = -508 + 510. Is (-3)/(-1) - (d - (2 - -13634)) composite?
True
Suppose -3*k = -8*q + 11*q - 38895, 0 = -5*k + q + 64801. Let s = k + -8544. Is s composite?
True
Let p(d) = 9083*d - 416. Is p(9) prime?
True
Let x = -68 - -175. Let l be -1 - (3 - (2 + x)). Let j = -26 + l. Is j prime?
True
Let o = 165 + -165. Suppose o = -33*u + 37*u - 4, 3*g - 3*u = 30459. Is g a composite number?
True
Let a = -277 + 280. Suppose -22678 = -2*v - 4*q, a*v - 644 = -4*q + 33367. Is v a prime number?
False
Let k(p) be the third derivative of 913*p**4/24 - 37*p**3/6 - 115*p**2. Is k(11) prime?
False
Suppose 3*x + 6*x = 36. Suppose 4*m - 5*c - 24859 = 0, -x*m - 4*c + 1715 + 23117 = 0. Is m a composite number?
False
Let v(c) = -c**2 - 9*c + 12. Let n be v(-10). Suppose n = 5*d - 18. Suppose -2*g - d*w + 789 = g, -w + 3 = 0. Is g a composite number?
True
Let z(d) = 2*d**3 - 2*d**2 + 4. Let b be z(3). Suppose 36*t = b*t - 10920. Let n = -1871 + t. Is n a prime number?
True
Suppose -505 = -22*r - 21. Suppose r*b = 137904 + 144862. Is b a composite number?
False
Let o = -95420 + 210457. Is o composite?
True
Suppose 5*g + 0*g = -4*q + 699, 4*g = 2*q + 554. Let d = 122 - g. Is d/((0 - 6)/12) a composite number?
True
Suppose -4*z + 117 = -139. Let t = z - 60. Suppose 5*s - 3248 = -3*x, -t*s - s = -4*x + 4319. Is x a composite number?
True
Let d = 1649 - 422. Let g = d + 930. Is g a composite number?
True
Let p(f) = -940*f**3 - 20*f**2 - 3*f + 10. Is p(-3) prime?
True
Let n(o) be the first derivative of -17*o**4/4 + 2*o**3 - 2*o**2 - 13*o - 249. Suppose 4*a = a - 18. Is n(a) composite?
True
Let o = 295 + -291. Suppose -5*h = -3*h - o*k - 3842, -h - 3*k = -1926. Is h composite?
True
Suppose -3*z = 4360 + 1166. Is (13/26)/((-3)/z) prime?
True
Let m(r) = r**3 - r**2 - 2*r + 1. Let b(c) = -32*c**3 - c**2 - 3*c - 12. Let w(y) = b(y) + m(y). Is w(-7) a prime number?
True
Let m be (-28)/18*(144 + -180). Let b(h) = -4*h**3 - 2*h**2 - 2*h - 1. Let j be b(-1). Suppose -j = y - m. Is y prime?
True
Let v = 335615 - 238722. Is v prime?
True
Let x be (0 - -1)*(48/4 + -1). Suppose 0 = 4*m - 3*l + 3, -4*m - 2*l = -x - 11. Suppose m*v = -3*v + 5958. Is v composite?
True
Suppose 0 = -10*b + 17199 + 96921. Suppose b = -5*j + o + 3897, 2*j = -o - 3013. Let y = j - -2301. Is y composite?
False
Let x = 113 + -158. Let h(i) = -i**2 - 84*i - 98. Is h(x) prime?
True
Let a = -1240287 + 2932046. Is a a prime number?
True
Suppose -7*t + 6*t + 521 = 2*a, 5*a - 25 = 0. Suppose 1844 = -5*y - t. Let j = 866 + y. Is j prime?
False
Let o(i) = 583*i**2 - 113*i - 103. Is o(-37) composite?
True
Suppose 7*i + 2*i - 1386 = 0. Suppose 161*x - 371 = i*x. Is x a composite number?
False
Suppose -10 = 5*u + 15, j + 2282 = -u. Suppose -c + 3*p = 1123, -5*c + 3*p = 1879 + 3676. Let x = c - j. Is x prime?
False
Let p = -241 + 258. Suppose 7*o + 870 = p*o. Is o a composite number?
True
Suppose -22*i + 321478 + 400804 = -0*i. Is i a composite number?
False
Suppose -5 = -8*p - 4*p + 115. Let d(j) = j + 38 - 1 - 4. Is d(p) a prime number?
True
Suppose 0 = 4*p + 4*x - 68, 3*p = -4*x + 3*x + 41. Let m be 2/(-12) - (-50)/p. Let z(g) = 240*g - 17. Is z(m) a composite number?
True
Suppose 20692 = 39*k + 1504. Let p = 385 + k. Is p a prime number?
True
Let x(l) be the second derivative of l**5/20 - l**4/12 + 2*l**3/3 - 14*l. Let g be x(0). Suppose g = -4*k + 64 + 140. Is k a composite number?
True
Let d(u) = 14*u**3 - 4*u**2 + 5. Suppose 4*y - 2*w - 20 = 0, -w = -2*y - 3*y + 25. Is d(y) composite?
True
Suppose -36 = -o - 51. Let q(t) = 121*t**2 + 25*t + 7. Is q(o) a composite number?
True
Let g(n) = 157*n + 945. Let i be g(-6). Suppose 4*d - 3865 - 14531 = 0. Suppose i*a - 1148 = -b, -5*b + b - 5*a = -d. Is b composite?
False
Let x(t) be the first derivative of 12 - 3/4*t**4 - 2*t**2 - 10/3*t**3 - t. Is x(-7) composite?
True
Let i(w) = -w**3 - 3*w**2 + 5*w + 8. Let j be i(-7). Let q be (-2)/13 - 312/j. Is q*(-993)/(-12)*(-2 + 0) prime?
True
Let a(v) = 3*v. Let y be a(0). Suppose y = 57*j - 54*j - 2838. Let b = j - -241. Is b prime?
True
Let x(g) be the first derivative of -2483*g**4/4 + g**3/3 + 5*g**2/2 + 4*g + 202. Is x(-1) composite?
True
Let i be ((-9)/(-12) - (-15)/(-4))/1. Let u be (-8 - -4)/(1 + i). Suppose 3*h + 307 = 2*d, 2*h - 733 = -5*d - u*h. Is d a prime number?
True
Let g(r) = -266*r - 167. Is g(-60) prime?
False
Let m(o) = -15989*o + 199. Is m(-2) a prime number?
False
Let o(x) = -9*x - 96. Let k be o(-11). Suppose 0 = -c - 2*g + 1899, -14*c + 7651 = -10*c - k*g. Is c composite?
True
Let i(s) = 1853*s**2 + 2*s - 5. Let v be (0 + (-1)/1)/(7/(-14)). Is i(v) composite?
False
Let m be 71/2 + (-375)/150. Is (-3)/(m/(-22)) + 27*559 prime?
False
Let s(t) = -t**3 + 12*t**2 + 7*t - 51. Let z be (-66)/88 - (-69)/(-4). Is s(z) prime?
False
Let y be (-1364252)/(-14) - (11 + 584/(-56)). Suppose 24531 = -5*m + y. Is m prime?
False
Suppose 13*g - 14*g + 5320 = 0. Suppose -g = 10*a - 17*a. Suppose 10*d - 810 = a. Is d composite?
False
Suppose 3*q + 5*m - 68868 = 0, -3*q + 4*q + m = 22954. Is q prime?
False
Suppose -33846 - 7098 = -6*r. Let f = 16947 - r. Is f prime?
False
Let m(q) = 593*q**2 - 4*q + 3. Let y be m(-11). Is (-12)/196*-7 - y/(-14) composite?
True
Let h = -18254 + 41487. Is h a prime number?
False
Suppose -232*g - 487817 = -293*g. Is g a prime number?
False
Suppose 0 = l - 3*l + 4. Let v be l/(-6) - (-1 + (-2)/6). Is (0 - -5)*v*(3 + 34) a prime number?
False
Suppose 0 = 4*c - 2*m, -2*c - 1176 + 1212 = 5*m. Let n be 3/(1*(-2)/12). Is (-6)/n*c*(2 - -407) composite?
False
Let l = -869770 + 1357631. Is l composite?
True
Let y = 68712 - 23593. Is y a composite number?
False
Let v(x) = 39*x - 2. Let l be v(-2). Let i = -73 - l. Suppose -2*n - 2253 = -i*n - 2*w, -4*n - w + 1803 = 0. Is n composite?
True
Let g(c) = c**2 + 2*c - 8. Let m be g(-8). Is 1185 - (4/(-10))/(4/m) composite?
True
Suppose 0 = -11*f + 21 + 1. Suppose m - 439 = -f*l, 4*l + 19 = -1. Is 0/((-8)/(-2)) + m prime?
True
Let f be 16 - -6*(-3 + 4). Let p(d) = 71*d**2 - 6*d + 201. Is p(f) prime?
False
Let b(c) = 65*c**2 - 77*c + 667. Is b(8) prime?
True
Is 157471 + (42/9 - 4)*9 prime?
True
Suppose -26*h - 3*h = 6351. Is 26324/10 - h/365 a prime number?
True
Let w = 4080904 + -2446341. Is w a composite number?
True
Let r = 1723 - 1168. Let z = r - 478. Is z composite?
True
Suppose 3*k + 1111 = 18001. Suppose -d = d - k. Let u = -1984 + d. Is u prime?
False
Let i be (140/21 - -1)*-1812. Let w = i + 35743. Is w prime?
True
Suppose 0*l + 3*f + 11 = 4*l, 2*f = -l. Sup